?
False
Is 20392109 prime?
False
Is 63271289 prime?
False
Is 2439341 a prime number?
True
Is 534542 prime?
False
Is 1570003 composite?
True
Is 4508411 a composite number?
True
Is 81909089 a composite number?
False
Is 81161413 a prime number?
True
Is 11317253 a prime number?
False
Is 7100455 prime?
False
Is 245216663 a prime number?
False
Is 34293877 composite?
False
Is 263854 composite?
True
Is 27261337 a composite number?
False
Is 8846017 a composite number?
True
Is 58950799 a prime number?
True
Is 1186861 a prime number?
False
Is 52279 a composite number?
True
Is 2367179 a composite number?
False
Is 312239831 prime?
True
Is 44786549 a composite number?
True
Is 28491017 prime?
True
Is 23812951 a prime number?
False
Is 20302693 composite?
False
Is 11705917 a composite number?
False
Is 2057047 a prime number?
True
Is 7063571 composite?
False
Is 5688803 composite?
False
Is 517213 a composite number?
True
Is 3076441 composite?
True
Is 31513147 a prime number?
True
Is 30469955 a prime number?
False
Is 8374274 a composite number?
True
Is 113017011 a composite number?
True
Is 592492187 prime?
False
Is 130294347 prime?
False
Is 67451231 composite?
True
Is 8932097 composite?
False
Is 4936199 composite?
True
Is 4676117 a prime number?
True
Is 2851165 composite?
True
Is 11854747 a prime number?
False
Is 37462697 prime?
True
Is 5408857 prime?
True
Is 1932313 a composite number?
True
Is 1205173 a prime number?
True
Is 69634171 composite?
False
Is 5670079 prime?
False
Is 5865869 a composite number?
True
Is 994853 composite?
False
Is 236333569 a prime number?
True
Is 8292485 a composite number?
True
Is 93061 prime?
False
Is 241466651 prime?
True
Is 1119365155 composite?
True
Is 27938345 a composite number?
True
Is 23285333 prime?
True
Is 4620179 a prime number?
True
Is 50051255 composite?
True
Is 9925937 a composite number?
True
Is 11188547 a composite number?
True
Is 14675321 a prime number?
True
Is 1182469 prime?
False
Is 3134377 prime?
False
Is 41726681 prime?
True
Is 45634451 a prime number?
True
Is 14351566 a composite number?
True
Is 13927253 a prime number?
True
Is 12593891 composite?
False
Is 27480979 a prime number?
True
Is 49231649 a prime number?
True
Is 69965237 composite?
False
Is 54876773 a prime number?
False
Is 6724903 a prime number?
True
Is 494727589 composite?
False
Is 37627061 prime?
False
Is 137140489 composite?
False
Is 34545631 composite?
False
Is 515041 a composite number?
False
Is 648649 a prime number?
True
Is 52526527 a composite number?
False
Is 13816865 a composite number?
True
Is 12802961 a composite number?
False
Is 5213671 composite?
False
Is 6297281 a composite number?
False
Is 6354053 composite?
True
Is 1191125347 a composite number?
False
Is 2815133 a composite number?
True
Is 188424139 a prime number?
True
Is 304103 composite?
True
Is 10818779 a prime number?
True
Is 6308243 a composite number?
False
Is 625501 composite?
True
Is 21281231 a prime number?
True
Is 751523 a composite number?
False
Is 12682547 a prime number?
True
Is 290291659 a prime number?
False
Is 235289 composite?
False
Is 62249459 prime?
False
Is 39113621 a composite number?
False
Is 34094521 composite?
True
Is 49374379 a prime number?
False
Is 2651 composite?
True
Is 1708649 a prime number?
True
Is 6812161 a prime number?
True
Is 168206231 composite?
True
Is 29618893 a prime number?
False
Is 1237943 a composite number?
True
Is 24751 prime?
False
Is 1698217 a composite number?
False
Is 5037157 composite?
False
Is 995117 a composite number?
False
Is 35500307 a composite number?
False
Is 2836069 composite?
False
Is 52314893 a composite number?
True
Is 5780321 a composite number?
True
Is 10354177 composite?
False
Is 458955755 composite?
True
Is 174169 composite?
False
Is 69694019 a composite number?
False
Is 223451857 a composite number?
False
Is 2270423 a prime number?
True
Is 13362959 a composite number?
False
Is 8186141 composite?
False
Is 10214378 a composite number?
True
Is 64843841 prime?
False
Is 8487527 a composite number?
False
Is 162793013 a prime number?
True
Is 30715561 composite?
True
Is 2205899 a composite number?
True
Is 13356355 a composite number?
True
Is 91494881 prime?
True
Is 107025638 composite?
True
Is 8962517 a composite number?
True
Is 5147789 prime?
True
Is 49410083 a prime number?
False
Is 6540641 prime?
False
Is 973099 a composite number?
False
Is 4634873 prime?
False
Is 6054697 a composite number?
True
Is 52404179 prime?
False
Is 122955601 composite?
True
Is 2324419 a composite number?
False
Is 5241091 a composite number?
True
Is 3920393 a composite number?
True
Is 151577 prime?
False
Is 312654451 a prime number?
True
Is 1147089959 composite?
False
Is 9781909 composite?
False
Is 134365177 a prime number?
True
Is 338027527 prime?
False
Is 50444951 a prime number?
True
Is 509489 a prime number?
False
Is 915061639 a composite number?
False
Is 1689287 a prime number?
True
Is 213344591 a prime number?
True
Is 677 composite?
False
Is 16697269 prime?
True
Is 1295618 a prime number?
False
Is 201624781 prime?
False
Is 125394649 composite?
False
Is 56596781 composite?
False
Is 12194629 a prime number?
True
Is 1966241 prime?
True
Is 32897197 prime?
True
Is 594117442 composite?
True
Is 1579231 prime?
True
Is 32543801 composite?
False
Is 11532119 a composite number?
False
Is 5587073 composite?
False
Is 8652431 a prime number?
True
Is 17477417 a composite number?
False
Is 10689283 a composite number?
True
Is 144181577 a prime number?
True
Is 30311611 a prime number?
False
Is 27813671 a prime number?
True
Is 240077083 composite?
False
Is 2216261 composite?
True
Is 106139343 a prime number?
False
Is 3942871 a composite number?
False
Is 20911937 composite?
True
Is 59688953 a prime number?
False
Is 1218089 composite?
False
Is 16474607 prime?
True
Is 3896987 a prime number?
True
Is 14550269 composite?
True
Is 78231767 prime?
False
Is 43079147 a prime number?
True
Is 254381599 a prime number?
True
Is 6260627 a composite number?
True
Is 201317 prime?
False
Is 12572179 prime?
False
Is 112558777 composite?
False
Is 145991 prime?
True
Is 2596241 a composite number?
False
Is 2001397 prime?
True
Is 16631133 composite?
True
Is 137487547 a composite number?
True
Is 469069 a composite number?
False
Is 7786559 a prime number?
False
Is 4135151 a prime number?
True
Is 2311609 composite?
True
Is 164963 prime?
True
Is 336911 prime?
True
Is 26864557 a prime number?
True
Is 384739 a composite number?
True
Is 349703 composite?
True
Is 435033649 a composite number?
False
Is 267359 a composite number?
True
Is 28348709 composite?
False
Is 19935973 a composite number?
True
Is 71445161 a composite number?
False
Is 3869959 a composite number?
False
Is 23306462 prime?
False
Is 62996263 prime?
False
Is 105725357 a prime number?
True
Is 22591139 a composite number?
False
Is 8109043 a composite number?
True
Is 8842339 a prime number?
False
Is 1568207 a prime number?
True
Is 421875409 a prime number?
False
Is 36858655 a prime number?
False
Is 67764899 prime?
False
Is 1298161 composite?
False
Is 42022429 a composite number?
True
Is 370291 a composite number?
True
Is 1506943 a prime number?
True
Is 34291473 a prime number?
False
Is 5349109 a prime number?
True
Is 9354329 a prime number?
True
Is 121337569 a composite number?
True
Is 2997543 a composite number?
True
Is 5525183 a composite number?
False
Is 30000929 composite?
True
Is 5136959 a composite number?
True
Is 14561479 prime?
True
Is 2915137 prime?
True
Is 18665089 prime?
False
Is 112797739 composite?
False
Is 20495687 a composite number?
False
Is 782319773 a prime number?
False
Is 27985973 composite?
True
Is 24636191 prime?
False
Is 5349631 composite?
True
Is 4529263 prime?
True
Is 172948151 a prime number?
True
Is 4317727 a composite number?
False
Is 7299877 a composite number?
True
Is 2971363 composite?
False
Is 10526941 a composite number?
False
Is 22610845 a composite number?
True
Is 110152777 prime?
False
Is 564539 prime?
False
Is 29646473 a prime number?
True
Is 421891 a prime number?
True
Is 238018277 a prime number?
False
Is 116303599 prime?
False
Is 212887 prime?
False
Is 28462429 a prime number?
True
Is 144893719 composite?
False
Is 256379789 a composite number?
False
Is 2374097 a composite number?
True
Is 